{"id":13,"date":"2026-02-24T20:58:05","date_gmt":"2026-02-24T20:58:05","guid":{"rendered":"https:\/\/sntln.org\/?page_id=13"},"modified":"2026-02-24T22:32:29","modified_gmt":"2026-02-24T22:32:29","slug":"inicio","status":"publish","type":"page","link":"https:\/\/sntln.org\/","title":{"rendered":"Inicio"},"content":{"rendered":"<p>[et_pb_section fb_built=\u00bb1&#8243; theme_builder_area=\u00bbpost_content\u00bb _builder_version=\u00bb4.27.4&#8243; _module_preset=\u00bbdefault\u00bb top_divider_style=\u00bbwave\u00bb top_divider_color=\u00bb#6b011b\u00bb bottom_divider_style=\u00bbwave2&#8243; bottom_divider_color=\u00bb#6b011b\u00bb hover_enabled=\u00bb0&#8243; sticky_enabled=\u00bb0&#8243;][et_pb_row _builder_version=\u00bb4.27.4&#8243; _module_preset=\u00bbdefault\u00bb theme_builder_area=\u00bbpost_content\u00bb column_structure=\u00bb1_5,3_5,1_5&#8243;][et_pb_column _builder_version=\u00bb4.27.4&#8243; _module_preset=\u00bbdefault\u00bb type=\u00bb1_5&#8243; theme_builder_area=\u00bbpost_content\u00bb][\/et_pb_column][et_pb_column _builder_version=\u00bb4.27.4&#8243; _module_preset=\u00bbdefault\u00bb type=\u00bb3_5&#8243; theme_builder_area=\u00bbpost_content\u00bb][et_pb_image src=\u00bbhttps:\/\/sntln.org\/wp-content\/uploads\/2026\/02\/Logo_sindicato.jpg\u00bb _builder_version=\u00bb4.27.4&#8243; _module_preset=\u00bbdefault\u00bb theme_builder_area=\u00bbpost_content\u00bb hover_enabled=\u00bb0&#8243; sticky_enabled=\u00bb0&#8243; title_text=\u00bbLogo_sindicato\u00bb][\/et_pb_image][\/et_pb_column][et_pb_column _builder_version=\u00bb4.27.4&#8243; _module_preset=\u00bbdefault\u00bb type=\u00bb1_5&#8243; theme_builder_area=\u00bbpost_content\u00bb][\/et_pb_column][\/et_pb_row][et_pb_row _builder_version=\u00bb4.27.4&#8243; _module_preset=\u00bbdefault\u00bb theme_builder_area=\u00bbpost_content\u00bb][et_pb_column _builder_version=\u00bb4.27.4&#8243; _module_preset=\u00bbdefault\u00bb type=\u00bb4_4&#8243; theme_builder_area=\u00bbpost_content\u00bb][et_pb_text _builder_version=\u00bb4.27.4&#8243; _module_preset=\u00bbdefault\u00bb theme_builder_area=\u00bbpost_content\u00bb hover_enabled=\u00bb0&#8243; sticky_enabled=\u00bb0&#8243;]&nbsp;<\/p>\n<h2>\u00a1Bienvenido! En el Sindicato de Trabajadores de la Loter\u00eda Nacional,<\/h2>\n<p>nos dedicamos con pasi\u00f3n y calidez a proteger y elevar el bienestar de cada uno de nuestros agremiados. Somos tu aliado confiable, una familia unida que trabaja incansablemente para que tu labor sea gratificante, segura y justa. Descubre c\u00f3mo te apoyamos cada d\u00eda.<br \/>\nNegociamos con tu futuro en mente<br \/>\nImagina tener salarios competitivos, bonos generosos y prestaciones que superan lo esencial: eso es lo que logramos mediante contratos colectivos s\u00f3lidos. Nos sentamos a la mesa por ti, asegurando estabilidad econ\u00f3mica y paz mental para que te enfoques en lo que amas.<br \/>\n\u200b<\/p>\n<h2>Tu defensa, nuestra prioridad\u200b<\/h2>\n<p>\u00bfUn despido injustificado o un desaf\u00edo laboral? Estamos aqu\u00ed para representarte con firmeza y empat\u00eda ante la empresa o autoridades. Defendemos tus derechos con transparencia, promoviendo un entorno de respeto donde tu voz siempre cuenta.<\/p>\n<h2>Mejoras que transforman tu d\u00eda a d\u00eda<\/h2>\n<p>Fomentamos un di\u00e1logo abierto con los patrones para impulsar cambios positivos: horarios m\u00e1s flexibles, capacitaciones enriquecedoras y equipo de seguridad de primera. Todo esto, pensado para tu comodidad, crecimiento profesional y felicidad en el trabajo.<br \/>\n\u200b<\/p>\n<p>Somos m\u00e1s que un sindicato; somos una comunidad que cuida tu salud, jubilaci\u00f3n y progreso integral. \u00a1\u00danete a nosotros y forma parte de esta gran familia que hace la diferencia![\/et_pb_text][\/et_pb_column][\/et_pb_row][\/et_pb_section]<\/p>\n","protected":false},"excerpt":{"rendered":"<p>&nbsp; \u00a1Bienvenido! En el Sindicato de Trabajadores de la Loter\u00eda Nacional, nos dedicamos con pasi\u00f3n y calidez a proteger y elevar el bienestar de cada uno de nuestros agremiados. Somos tu aliado confiable, una familia unida que trabaja incansablemente para que tu labor sea gratificante, segura y justa. Descubre c\u00f3mo te apoyamos cada d\u00eda. Negociamos [&hellip;]<\/p>\n","protected":false},"author":1,"featured_media":0,"parent":0,"menu_order":0,"comment_status":"closed","ping_status":"closed","template":"page-template-blank.php","meta":{"_et_pb_use_builder":"on","_et_pb_old_content":"","_et_gb_content_width":"","footnotes":""},"class_list":["post-13","page","type-page","status-publish","hentry"],"_links":{"self":[{"href":"https:\/\/sntln.org\/index.php\/wp-json\/wp\/v2\/pages\/13","targetHints":{"allow":["GET"]}}],"collection":[{"href":"https:\/\/sntln.org\/index.php\/wp-json\/wp\/v2\/pages"}],"about":[{"href":"https:\/\/sntln.org\/index.php\/wp-json\/wp\/v2\/types\/page"}],"author":[{"embeddable":true,"href":"https:\/\/sntln.org\/index.php\/wp-json\/wp\/v2\/users\/1"}],"replies":[{"embeddable":true,"href":"https:\/\/sntln.org\/index.php\/wp-json\/wp\/v2\/comments?post=13"}],"version-history":[{"count":2,"href":"https:\/\/sntln.org\/index.php\/wp-json\/wp\/v2\/pages\/13\/revisions"}],"predecessor-version":[{"id":18,"href":"https:\/\/sntln.org\/index.php\/wp-json\/wp\/v2\/pages\/13\/revisions\/18"}],"wp:attachment":[{"href":"https:\/\/sntln.org\/index.php\/wp-json\/wp\/v2\/media?parent=13"}],"curies":[{"name":"wp","href":"https:\/\/api.w.org\/{rel}","templated":true}]}}